r of 99 and q.
11
Let s(o) = 2*o**2 + o. Let y be s(3). Let g be 90/y + (-6)/21. Calculate the greatest common factor of g and 20.
4
Suppose d + 288 = 9*d. What is the greatest common divisor of d and 12?
12
Let r = -23 - -49. Let h be 0 - (-1*r)/1. Calculate the highest common factor of h and 13.
13
Let x = 60 + -40. What is the greatest common factor of 100 and x?
20
Let g = 193 + -84. Suppose 3*z - g = 5. What is the greatest common divisor of 57 and z?
19
Suppose 0 = 2*v - 4*v + 4. Let q be v*(-3)/6*13. Let u = -5 - q. What is the highest common divisor of 1 and u?
1
Let i(p) = p**3 - 6*p**2 + 2*p - 4. Let d be i(6). Suppose 5*m + 9 = 69. What is the highest common factor of d and m?
4
Suppose 11*z - 16 = 9*z. Calculate the greatest common factor of 12 and z.
4
Let a be 1436/20 + 3/15. What is the highest common factor of 36 and a?
36
Suppose 2*v = -a - 9, 5*v + 3*a = -0*a - 23. Let s = v - -6. Suppose 4*w = -n - 4, -2*w = -n - w + 6. Calculate the greatest common factor of s and n.
2
Suppose 3*d - 7*d = -168. What is the highest common divisor of 105 and d?
21
Let o(l) = -l**3 - 6*l**2 + l + 7. Let w be o(-6). Suppose w = 2*a - 3. Let i be ((-12)/(-10))/(2/30). What is the greatest common divisor of i and a?
2
Let o = -52 - -57. Calculate the greatest common divisor of 2 and o.
1
Let i = 22 + 6. Suppose 6*q - 4 = 4*q. Let b be -1 - (q - 0) - -7. What is the highest common factor of b and i?
4
Let g(z) = -z**3 + 6*z**2 - 5*z + 4. Suppose -q = 4*q - 25. Let w be g(q). What is the greatest common divisor of 20 and w?
4
Let c = -22 - -37. What is the greatest common divisor of c and 6?
3
Let b = 152 - 104. Let r be (1 - -14) + (2 - 1). What is the greatest common factor of r and b?
16
Suppose -21*q + 17*q = -80. Let n be 0 - (100 - 0)*-1. Calculate the greatest common divisor of n and q.
20
Let r be 3/12 + 57/12. Suppose v - r - 10 = 0. Suppose 3*f - 4*f - 5*l = -65, -2*l + 53 = f. Calculate the highest common factor of f and v.
15
Let d be (-6)/(-15) + (-1 - (-234)/15). What is the highest common divisor of 6 and d?
3
Suppose 0 = 8*b + 12*b - 20. Suppose 2*m = 10, -5*m + 58 - 1 = 4*d. Calculate the greatest common divisor of d and b.
1
Let j = 31 + -19. What is the greatest common factor of 12 and j?
12
Suppose -6*f = -2*f + 76. Let j = f + 9. Let u be (-135)/j*(-28)/(-6). What is the highest common factor of 7 and u?
7
Suppose 12 = 5*s + 2*m - 17, 4*m - 28 = -4*s. Suppose 0 = 3*n - 5*p - 165, -2*n + 165 = n + 5*p. What is the greatest common divisor of n and s?
5
Let n be (102/(-18))/((-1)/3). Suppose -5*t + 37 = f - 24, 0 = f - 4*t - 43. Calculate the greatest common factor of n and f.
17
Suppose 13*m - 10*m = 135. What is the highest common divisor of 9 and m?
9
Let w be 0 + 1/(1/30). Let g(k) = 3*k**3 - k**2 + 2*k - 2. Let b be g(2). Let t = b - -23. Calculate the greatest common factor of t and w.
15
Let q(x) = x**2 + 2*x - 2. Let c be q(-4). Let z = c + 10. Suppose -4 = m - z. Calculate the greatest common factor of m and 84.
12
Let g(h) = h - 3. Let k be g(7). Suppose -5*l = -2*a - 30, -3*a + 7 = -l - 0*a. Let y be (-30)/(0 - 6/l). What is the greatest common factor of y and k?
4
Let g = -24 + 34. What is the greatest common divisor of 70 and g?
10
Let x be 193 + (0 - -2) + -7 + 4. Suppose 5*g - 5 = 0, 4*d + g = 23 + 74. What is the highest common factor of d and x?
24
Let l = 22 - 8. Suppose 140 = 4*x - 308. What is the greatest common factor of x and l?
14
Let t(j) = -j**2 + 11*j + 14. Let q(g) = g - 6. Let p be q(5). Let m be (22/2)/((-1)/p). Let k be t(m). What is the greatest common factor of k and 42?
14
Suppose -i + 10 + 6 = 0. Suppose -2*c + 3*a = -i, -5*c = -2*a - 0*a - 18. Calculate the highest common factor of 8 and c.
2
Let v = 14 + 28. Let t(n) = 3*n + 3. Let w(b) = 1. Let s(r) = t(r) - 2*w(r). Let d be s(2). What is the greatest common divisor of d and v?
7
Let w be 32 + (-4 - (-2 + -1)). Calculate the highest common factor of 155 and w.
31
Let c(q) = q**3 + 11*q**2 - 14*q - 12. Let s be c(-12). What is the highest common factor of 9 and s?
3
Suppose 0 = -3*v - 0*v + 126. Let c = v - -12. Calculate the highest common factor of 18 and c.
18
Let d(y) = 5*y**2 + 2*y - 1. Let n = 4 - 3. Let q be d(n). Let h = q + -3. What is the greatest common factor of h and 21?
3
Suppose g = -2*g + 12. Suppose -g*p + 6*p = 8. What is the greatest common divisor of p and 32?
4
Let t(u) = -u + 1. Let m be t(3). Let r be 16/((m/(-5))/2). Calculate the highest common divisor of r and 10.
10
Suppose 16 = 3*v + 4*t, -4*v = 2*t - 35 + 7. Calculate the highest common divisor of 4 and v.
4
Let r be 1/(-2*1/(-2)). Let o be 1/(((-8)/(-12))/((-4)/(-2))). What is the greatest common divisor of r and o?
1
Let q be 118/3 + 24/36. Calculate the highest common divisor of q and 8.
8
Suppose -8*q + 24 = -6*q. Calculate the highest common divisor of 24 and q.
12
Let y = 7 + -5. Let m(i) = 9*i**3 - 4*i**2 + y + 7*i**2 - 3*i + 4*i**3. Let n be m(2). What is the greatest common factor of n and 16?
16
Let d be (12/(-3))/((-2)/7). Let x(q) = 2*q**2 - 5*q + 7. Let v be x(7). Calculate the greatest common factor of d and v.
14
Let k(u) = 7*u**2 - 3*u + 2. Let q be k(2). Suppose -4*c + q = -136. What is the highest common divisor of 8 and c?
8
Let d(i) = 2*i**2 - i - 3. Let y be d(3). What is the greatest common factor of y and 120?
12
Suppose -4*q = -q - 24. What is the highest common factor of 8 and q?
8
Let x be (-2 - -5) + -3 + 2. Suppose -x*g = 5*q - 44, -3*g + q = -24 - 8. What is the greatest common factor of 72 and g?
12
Suppose 2*z - 5*q + 11 = -8, z = 5*q - 22. Calculate the highest common divisor of 1 and z.
1
Let y(c) = c**2 + 3*c + 7. Let b be y(-5). What is the highest common factor of b and 136?
17
Suppose b - 2*u = 3*u + 55, -2*b = 5*u - 65. Let x(t) = t**3 - t**2 - 4*t - 5. Let y be x(4). Let i = y - 19. Calculate the greatest common divisor of i and b.
8
Let q = -32 - -39. What is the highest common factor of q and 77?
7
Suppose u + 21 = 4*u. Let z = 14 - u. Calculate the highest common factor of z and 35.
7
Let y be (-4)/14 + (-170)/(-7). What is the greatest common divisor of 3 and y?
3
Let p be (-2 + 0)*((-4)/2 - 6). Let q(y) = -y**3 - 4*y**2 + 5*y + 4. Let l be q(-5). What is the highest common factor of p and l?
4
Suppose 0 = -5*g + 400 - 10. What is the highest common divisor of g and 13?
13
Let k(w) = w**2 - 3. Let r be k(3). Let p = 5 + 0. Suppose 4*t = -g + 3*g - 68, p*t - 20 = 0. What is the greatest common divisor of r and g?
6
Let o be ((-12)/9)/((-8)/180). Let q be 30/4*252/o. Calculate the greatest common factor of 9 and q.
9
Let l(u) = -2*u - 27. Let z be l(-17). Calculate the highest common factor of z and 63.
7
Suppose -2*s - 6 = -2*j, -4*j - 2 = -2*s - 10. Let v be (-3)/(3/(-1)) + -1. Let l = j - v. Calculate the highest common divisor of l and 1.
1
Suppose 2*t - 17 = -2*a + 11, -5*a = 3*t - 60. Let u = 181 + -109. What is the highest common divisor of a and u?
9
Let o be 5/5 + (55 - 1). Calculate the greatest common divisor of 55 and o.
55
Let u be 5*-1*(1 + -2). Suppose 32 - 192 = -4*o. Calculate the greatest common divisor of o and u.
5
Let n(m) = m**3 + 6*m**2 + 4*m + 1. Let u be n(-5). Calculate the greatest common factor of 54 and u.
6
Let t(x) = -36*x**3 - x**2 - x. Let n be t(-1). Suppose 0*g + n = 4*g. Let y = 64 + -28. Calculate the highest common divisor of y and g.
9
Let x be -40*(-1 + (-12)/16). Calculate the highest common factor of 14 and x.
14
Let n = 96 - -3. Let x(z) = -5*z + 1. Let l = 15 - 17. Let j be x(l). Calculate the greatest common factor of n and j.
11
Suppose -4*g + 4 = 0, -2*s + 2*g + 5 = -3*g. Suppose -2*y = 3*y - 5*n - 245, s*y + 4*n - 290 = 0. Let p = 1 + 5. What is the greatest common divisor of y and p?
6
Suppose -3*y + 4*f + 81 = 0, 4*y - 56 = 4*f + 56. Calculate the greatest common divisor of 217 and y.
31
Let s be 3 + 12/(2*-2). Suppose 0*n - g - 19 = -4*n, -n + 4*g + 16 = s. What is the highest common divisor of n and 8?
4
Let g = 36 + -31. Suppose -b = -0*b - 3*z + 11, -2*z + 11 = 3*b. Calculate the highest common divisor of b and g.
1
Let q = 14 + -4. Calculate the highest common divisor of q and 30.
10
Suppose -2*n + v + 10 = 0, n - v - 31 = -4*n. Let t be 3/(-1 + (-5)/(-2)). Suppose 1